ided by 45445.
16
What is the remainder when 217012 is divided by 227?
0
What is the remainder when 39438 is divided by 37?
33
Calculate the remainder when 2920 is divided by 884.
268
What is the remainder when 155630 is divided by 142?
140
Calculate the remainder when 6922 is divided by 55.
47
What is the remainder when 123759 is divided by 50?
9
Calculate the remainder when 10887 is divided by 165.
162
What is the remainder when 701369 is divided by 624?
617
Calculate the remainder when 5144 is divided by 5118.
26
What is the remainder when 601 is divided by 30?
1
What is the remainder when 49743 is divided by 321?
309
What is the remainder when 5008 is divided by 167?
165
Calculate the remainder when 2300 is divided by 1147.
6
Calculate the remainder when 6223 is divided by 655.
328
Calculate the remainder when 95824 is divided by 13683.
43
What is the remainder when 7129 is divided by 82?
77
Calculate the remainder when 40844 is divided by 1942.
62
What is the remainder when 323 is divided by 44?
15
What is the remainder when 10654 is divided by 65?
59
What is the remainder when 42767 is divided by 441?
431
What is the remainder when 915 is divided by 92?
87
Calculate the remainder when 380461 is divided by 126814.
19
Calculate the remainder when 17778 is divided by 28.
26
Calculate the remainder when 2925 is divided by 92.
73
Calculate the remainder when 26362 is divided by 76.
66
Calculate the remainder when 209135 is divided by 69708.
11
Calculate the remainder when 15257 is divided by 298.
59
What is the remainder when 1216 is divided by 240?
16
What is the remainder when 72282 is divided by 27?
3
What is the remainder when 34098 is divided by 62?
60
What is the remainder when 11581 is divided by 682?
669
Calculate the remainder when 10200 is divided by 351.
21
Calculate the remainder when 1463182 is divided by 365794.
6
What is the remainder when 7736 is divided by 1889?
180
What is the remainder when 18256 is divided by 34?
32
Calculate the remainder when 6275 is divided by 894.
17
Calculate the remainder when 88318 is divided by 381.
307
What is the remainder when 5597 is divided by 2772?
53
What is the remainder when 44524 is divided by 2473?
10
What is the remainder when 15003 is divided by 517?
10
Calculate the remainder when 1321800 is divided by 12.
0
Calculate the remainder when 10005 is divided by 396.
105
What is the remainder when 2121 is divided by 90?
51
What is the remainder when 170083 is divided by 972?
955
What is the remainder when 914077 is divided by 7?
3
What is the remainder when 28530 is divided by 1566?
342
Calculate the remainder when 44769 is divided by 138.
57
What is the remainder when 43984 is divided by 3665?
4
What is the remainder when 79827 is divided by 223?
216
Calculate the remainder when 40491 is divided by 8095.
16
Calculate the remainder when 4336 is divided by 53.
43
What is the remainder when 2195 is divided by 725?
20
What is the remainder when 442127 is divided by 409?
407
Calculate the remainder when 290401 is divided by 919.
916
Calculate the remainder when 6835 is divided by 286.
257
Calculate the remainder when 5365 is divided by 1307.
137
What is the remainder when 14668 is divided by 1070?
758
What is the remainder when 2876 is divided by 199?
90
What is the remainder when 387479 is divided by 258?
221
Calculate the remainder when 6948 is divided by 414.
324
What is the remainder when 251161 is divided by 191?
187
Calculate the remainder when 1353 is divided by 679.
674
What is the remainder when 229764 is divided by 111?
105
What is the remainder when 176614 is divided by 176466?
148
Calculate the remainder when 568524 is divided by 39.
21
What is the remainder when 2268 is divided by 366?
72
What is the remainder when 10212 is divided by 4?
0
Calculate the remainder when 1787 is divided by 622.
543
What is the remainder when 2331 is divided by 235?
216
Calculate the remainder when 2317 is divided by 442.
107
Calculate the remainder when 458 is divided by 7.
3
What is the remainder when 1420 is divided by 281?
15
What is the remainder when 72 is divided by 41?
31
What is the remainder when 494541 is divided by 53?
51
Calculate the remainder when 1031 is divided by 973.
58
Calculate the remainder when 3866 is divided by 1195.
281
Calculate the remainder when 17742 is divided by 17298.
444
What is the remainder when 324354 is divided by 127?
123
What is the remainder when 2206 is divided by 372?
346
Calculate the remainder when 26536 is divided by 6589.
180
What is the remainder when 1173 is divided by 277?
65
What is the remainder when 1238 is divided by 1183?
55
Calculate the remainder when 5027 is divided by 2483.
61
What is the remainder when 101417 is divided by 8?
1
What is the remainder when 2292 is divided by 207?
15
What is the remainder when 44876 is divided by 39?
26
Calculate the remainder when 103857 is divided by 10.
7
Calculate the remainder when 34350 is divided by 4292.
14
Calculate the remainder when 33937 is divided by 8479.
21
What is the remainder when 3144 is divided by 451?
438
Calculate the remainder when 19840 is divided by 6550.
190
Calculate the remainder when 7595 is divided by 1152.
683
Calculate the remainder when 9565 is divided by 596.
29
Calculate the remainder when 5594 is divided by 5569.
25
What is the remainder when 20487 is divided by 74?
63
Calculate the remainder when 147806 is divided by 1739.
1730
What is the remainder when 178705 is divided by 1124?
1113
What is the remainder when 754 is divided by 384?
370
What is the remainder when 2760 is divided by 22?
10
Calculate the remainder when 1650 is divided by 286.
220
Calculate the remainder when 834 is divided by 54.
24
Calculate the remainder when 18443 is divided by 605.
293
What is the remainder when 12545 is divided by 597?
8
What is the remainder when 11102 is divided by 21?
14
Calculate the remainder when 738709 is divided by 13.
10
What is the remainder when 179586 is divided by 898?
884
What is the remainder when 865780 is divided by 23?
14
What is the remainder when 701654 is divided by 229?
227
What is the remainder when 127669 is divided by 840?
829
Calculate the remainder when 432 is divided by 115.
87
What is the remainder when 1982 is divided by 515?
437
Calculate the remainder when 8149 is divided by 167.
133
Calculate the remainder when 895440 is divided by 58.
36
Calculate the remainder when 2236 is divided by 57.
13
Calculate the remainder when 7973 is divided by 285.
278
Calculate the remainder when 1588219 is divided by 563.
559
Calculate the remainder when 2407 is divided by 348.
319
Calculate the remainder when 6379 is divided by 78.
61
Calculate the remainder when 6885745 is divided by 1858.
1855
Calculate the remainder when 3653 is divided by 142.
103
Calculate the remainder when 2814 is divided by 12.
6
Calculate the remainder when 2179 is divided by 468.
307
What is the remainder when 377342 is divided by 37?
16
What is the remainder when 2026 is divided by 23?
2
Calculate the remainder when 3259 is divided by 795.
79
What is the remainder when 2649 is divided by 289?
48
Calculate the remainder when 691284 is divided by 1564.
1560
Calculate the remainder when 32381 is divided by 205.
196
Calculate the remainder when 2514 is divided by 423.
399
What is the remainder when 3791272 is divided by 46?
44
What is the remainder when 2569 is divided by 154?
105
Calculate the remainder when 701586 is divided by 10471.
29
What is the remainder when 1439 is divided by 145?
134
What is the remainder when 498 is divided by 7?
1
Calculate the remainder when 227393 is divided by 31.
8
What is the remainder when 3549378 is divided by 29?
10
What is the remainder when 110 is divided by 28?
26
Calculate the remainder when 9260 is divided by 4620.
20
Calculate the remainder when 8125 is divided by 2023.
33
What is the remainder when 6147 is divided by 809?
484
Calculate the remainder when 5063 is divided by 921.
458
Calculate the remainder when 122366 is divided by 1188.
2
Calculate the remainder when 2642 is divided by 880.
2
Calculate the remainder when 5970 is divided by 31.
18
What is the remainder when 63027 is divided by 1618?
1543
What is the remainder when 5184 is divided by 421